
False
Let a = 17740 - 6714. Let l = a + 343. Is l a composite number?
False
Let y = -47 - -54. Suppose -64 = y*d + 20. Is -1193*3*4/d a prime number?
True
Let z(k) = -26*k**2 - 8*k + 2. Let f be z(-6). Suppose 2*t + 1119 = -5*v, -5*t + 0*t + 2*v - 2870 = 0. Let o = t - f. Is o a composite number?
True
Suppose z = -3*z - 2*y + 26, -5*z - 3*y = -35. Let x be 4/((-16)/z) + 138. Let g = x - -12. Is g a prime number?
True
Suppose -166*o = -114*o - 129532. Is o composite?
True
Suppose 5*h - 4*c - 74771 = -0*c, 0 = 5*c - 30. Is h prime?
False
Let l be 5/1*(10 + (-42)/7). Suppose t - 6*u = -2*u + l, t - 3*u - 15 = 0. Suppose t*g - 2413 = -g - 5*z, -z + 4 = 0. Is g a composite number?
False
Let j = 33 + -34. Let g be -2*(j - (-5)/(-2)). Suppose f + 21570 = g*f. Is f a prime number?
False
Suppose 4 = -186*p + 188*p. Suppose -p*h - 3*s = -899, -h + 4*s - 447 = -2*h. Is h composite?
True
Let f = -440522 - -663331. Is f a prime number?
False
Suppose 267 = 14*i - 27. Suppose 3*d = 4*s + 54947, -2*s = -i + 19. Is d a composite number?
True
Let j be (256/3)/(301/(-63) - -5). Suppose -382*o = -j*o + 3766. Is o a composite number?
True
Let r(o) = 613*o**2 - 1. Let u be r(2). Let d(q) = 12*q**2 - 17*q + 13. Let f be d(7). Let c = u + f. Is c a prime number?
False
Suppose -4*s + 44321 = 6*q - 49397, 5*s - 5*q = 117060. Is s composite?
True
Is (2 - -149381) + (-4 - -2) + -7 a prime number?
False
Let k be 53*(-4)/16*-4. Suppose -k = -8*d + 35. Let j(z) = 63*z + 8. Is j(d) a composite number?
False
Suppose 16*r = 17*r - 5*y - 82754, 165553 = 2*r + 5*y. Is r composite?
True
Let c = -168530 + 238219. Is c prime?
False
Let o = -137613 - -240754. Is o prime?
True
Let c(h) = 1455*h + 6028. Is c(21) prime?
True
Let z(o) = o**2 + 3*o - 1. Let j be z(-5). Is (-22107)/(-1)*(156/(-18) + j) prime?
True
Suppose 0 = 4*l + 8, 4*l = -o + 2*l - 2. Let v = -1703 + 5041. Suppose u + v = 3*t, 6*u + 5575 = 5*t + o*u. Is t prime?
False
Let n be (7 + 0 + -4)/((-12)/(-2200)). Suppose 0 = 3*i - n - 1505. Is i prime?
False
Suppose 17 + 15 = 4*v. Suppose -v*g = -24 - 32. Suppose g*a + 2*o + 894 = 9*a, 0 = -2*a + o + 890. Is a a composite number?
False
Let y = 1263433 + -794952. Is y prime?
False
Suppose 10142951 = 187*q - 162*q - 10071524. Is q composite?
False
Let r(y) = y**3 + 20*y**2 - 264*y + 149. Is r(30) composite?
True
Let z = 40 + -22. Suppose -z = -3*h + 12. Suppose -h*i + 6128 + 2562 = 0. Is i a composite number?
True
Suppose -4*i = -5*c + 1, -2*i + 2*c = i - 1. Let g be (4 - 6) + 7*i. Suppose -5*v - j + 7405 = 0, -j - 8233 + 828 = -g*v. Is v prime?
True
Let i(l) = 71681*l**2 + 39*l + 5. Is i(-1) a composite number?
False
Suppose 2*v = 5*h + 29, -v - 4 = 2*v + 2*h. Let t be ((-3)/v)/((-3)/(-8)). Is -1 + 3 + t + (-982)/(-2) a prime number?
False
Let w(g) = g**3 - 5*g**2 + g - 4. Let i be w(5). Is (i*(-1)/3)/(20/(-92580)) composite?
False
Let l(g) = 13*g**3 - g**2 + 9*g - 1. Let i(p) = p + 12. Let r be i(-8). Is l(r) a prime number?
False
Let v(u) = 0*u**3 - 8*u**2 + 4*u + 3*u**3 - 12 - 2*u**3 - 2*u**3. Suppose -5*y - 20 - 35 = 0. Is v(y) composite?
False
Let q be (7 + 1879/(-7))*84. Let t = q - -32021. Is t a composite number?
False
Let g(t) = -262*t - 16. Let f(h) = -1049*h - 63. Let l(y) = 2*f(y) - 9*g(y). Let b(x) = 780*x + 53. Let u(i) = 3*b(i) - 8*l(i). Is u(8) a composite number?
True
Let t(j) = -16943*j + 185. Is t(-4) composite?
False
Suppose 92*p - 21799607 - 9580386 = -9*p. Is p a prime number?
True
Let r(l) = 277*l**2 + 118*l + 131. Is r(-10) a composite number?
True
Let u(v) = -449*v - 185. Let c(d) = 446*d + 185. Let o(n) = 5*c(n) + 6*u(n). Is o(-9) a composite number?
True
Let s(m) = -3623*m + 40. Let t be s(-7). Suppose -9*w = -5*z - 7*w + 25399, -5*z = -3*w - t. Is z a prime number?
False
Let x(l) = -l**3 + 10*l**2 - 10*l + 12. Suppose 27 = -3*h + 6*h. Let j be x(h). Suppose j*y = -4*s + 334, -344 = -4*s - 0*s + 2*y. Is s a composite number?
True
Let v = 377859 + -143030. Is v a composite number?
True
Let c = -52 - -27. Let r be ((-3 - 0) + 18/10)*c. Suppose -r = -3*g + 117. Is g prime?
False
Let s(w) = w**2 - 1. Let d be -1 - 11/(-4) - 9/12. Let u be s(d). Suppose u = -2*f - b + 538, 0 = -3*f + 7*f - b - 1076. Is f composite?
False
Suppose -39*z = 353898 - 1280343. Suppose -40*d + 45*d = z. Is d a prime number?
True
Suppose -319261 = -16*b + 142483. Is b a prime number?
True
Let l(v) = -8079*v + 2. Suppose -10*g - 110 + 100 = 0. Is l(g) a composite number?
False
Suppose 0 = -9*b + 5*b + 4. Let s(w) = b + 1 - 754*w + 1 + 1. Is s(-1) a composite number?
True
Let y(v) = -v**3 - 9*v**2 - 5*v + 1. Let f be y(-5). Let l = f + 79. Suppose -1279 = -l*o - 384. Is o prime?
True
Suppose 4*d - 7*d = -c + 15467, -2*d - 46387 = -3*c. Let i = c - 7716. Is i a composite number?
True
Let h(t) = -t**3 + 2*t**2 + 3*t - 3. Let n be h(3). Let c be n/((-12)/(-8)) - (-12)/2. Is (-2)/((-8)/(-2)) + 454/c composite?
False
Suppose 613067 = 4*n - n + 4*f, 5*n + 4*f - 1021773 = 0. Is n a prime number?
True
Let q(g) = -133*g + 30. Let k be q(8). Let x = 3487 + k. Is x a prime number?
False
Suppose -7*s = 2*y - 12*s + 15, 0 = 2*y - 3*s + 5. Suppose 9 = -4*u + 1, y*u = 2*x - 2564. Is x composite?
False
Let s be (11 - 8)/(2/(11082/3)). Suppose 7*o = 4*o + s. Suppose -x = -5*j + 9235, 6*x + o = j + x. Is j a composite number?
False
Suppose 5*w + 2*o = 135687, 8*w - 10*w = 3*o - 54277. Is w a composite number?
True
Let k(z) = -2175*z**3 - 208*z**2 - z + 19. Is k(-6) a prime number?
True
Is (-88)/12*(-5 + 76818/(-12)) composite?
True
Suppose -4*c + 128120 + 111726 = -5*b, c + 2*b = 59955. Is c a prime number?
False
Let u = -322 + 318. Let v(y) = -1095*y - 153. Is v(u) composite?
True
Let s(j) = -3*j**3 - 274 - 8*j**2 - 291 - 11*j + 588. Is s(-7) composite?
True
Let k be (-1 - -3443 - -2)*12/18. Let d = -2 - 291. Let l = k + d. Is l composite?
False
Suppose 4*k = 5*h + 478, -11 = -k - 2*h + 115. Suppose 4*x + 10*w - k = 8*w, -x + 29 = 2*w. Is x prime?
True
Let a(w) = 9*w + 194. Let u be a(-21). Suppose -u*q + 9659 = -k, -4*q - k - 4*k + 7704 = 0. Is q a composite number?
False
Suppose -3*s + 5566 = 2*x, 0 = 2*x - 7*x + 3*s + 13873. Suppose -4*l = 3*f - 2097, -9*l = 4*f - 10*l - x. Let v = 2746 - f. Is v prime?
False
Let a(f) = -47888*f**2 - 38*f - 2. Let q be a(2). Is (6/(-30))/((-383258)/q + -2) a composite number?
False
Suppose 6*s - 28 = 4*s. Suppose -s*v + 23845 = -9*v. Is v a prime number?
False
Suppose 203*s = 187*s + 80. Let y(a) = 87*a**2 - 3*a - 8. Let d be y(7). Suppose s*q - d = -869. Is q a composite number?
False
Suppose 0 = -5*b + 5*q + 365560, 4*b + q - 44542 = 247901. Is b composite?
True
Suppose 55 = -x + 53, 5*s - 35 = 5*x. Suppose 2*y + 3*b - 8508 = 4578, -s*y + 32677 = -2*b. Is y a composite number?
True
Suppose 4*r = -15*r - 114. Is r/(-8) + (-163513)/(-196) prime?
False
Let t = -5252 - -5476. Let c(f) = -f**2 - 4*f - 4. Let j be c(-3). Let a = j + t. Is a a prime number?
True
Let z(f) = f**3 + 29*f**2 + 35*f - 9. Let a be z(-19). Let x = -1257 + a. Is x a composite number?
True
Suppose 286*h - 5352471 = 115*h. Is h prime?
False
Suppose g = 4*v - 4*g - 89717, 5*g = -3*v + 67244. Is v composite?
True
Suppose 3*o = -2*v + 2 + 2, -4*o - 8 = -4*v. Suppose -v*w + 655 + 847 = 0. Is w prime?
True
Suppose -3*h - 9*i + 1651555 = -13*i, -7*h + 3853583 = 2*i. Is h a prime number?
True
Let s = 478 - 476. Suppose -w + 1593 = -3*f - 8968, 4*w - 42174 = -s*f. Is w a prime number?
False
Let x(w) = -21*w + 19. Let u be x(-5). Suppose 23 = 7*q - u. Let j = q - -16. Is j a prime number?
True
Suppose -3*x - x + w = -56, 4*w + 14 = 2*x. Let d(b) = 28*b**2 + b + 38. Is d(x) a prime number?
True
Let j be (-8249193)/(-217) - (32/(-14) + 2). Suppose -3*f + 5*l + j + 38263 = 0, 0 = -3*l - 9. Is f a composite number?
True
Let q = 2958 + -2161. Is q prime?
True
Suppose 9*y + 2945 = 51770. Let m = y - 3746. Is m composite?
True
Let i be 1*((-173)/3 + 4/(-12)). Let r = i + 66. Suppose 4*w = r, -3*w - w = -v + 6. Is v a prime number?
False
Suppose 2410507 = 18*l - 173051. Is l a composite number?
True
Let y(x) = x**2 - 4*x - 11. Let a be y(5). Let c be 90/(-36) + a/4. Is 2*(1225/10 - c) a prime number?
False
Let g(q) = -q**2 - q - 1. Let o(i) = -i**2 - 6*i + 16. Let d(p) = -2*g(p) - o(p). Suppose -10*u = -